 - l = -388, 5*n + 223 - x = -5*l. What is the highest common factor of 35 and n?
7
Suppose s - 5 = 0, 5*s + 5 = -5*k + 90. Let y = -491 + 509. Calculate the highest common factor of y and k.
6
Suppose 13*l = -10*l + 10689 + 8516. What is the greatest common factor of 1336 and l?
167
Let a(w) = -6*w + 18. Let f be 3 + (2 - 5 - -8). Let l be a(f). Let s be -2*(l/(-40) + (-438)/8). Calculate the highest common divisor of s and 36.
36
Suppose -12*h + 8*h = -4852. Suppose -h*x - 2320 = -1218*x. What is the highest common factor of x and 58?
58
Let v be -1 + (-53)/(-1)*2. Let k be (3 - (-8 + 4))*(-2)/(-7) + 6. Suppose f = k*f - v. What is the greatest common divisor of 6 and f?
3
Suppose -m = -b - 998, -5*b + 51 = 81. Calculate the highest common factor of m and 1116.
124
Let l(f) = -14 - 8*f + 7 + 3. Let m be l(-2). What is the highest common factor of 3 and m?
3
Let g be (14 + -3)*(-7)/35*-115. Suppose h = -2*h - 63. Let c be 1 - 0 - (h + -1). What is the highest common factor of g and c?
23
Suppose 11*k + 6 = 14*k. Suppose 9*f = -11 + k. Let s be f - (-11)/13 - 66744/(-351). What is the highest common divisor of s and 19?
19
Let o = 196 + -208. Let q be (3/(-5))/((-6)/(-30)). Let w be (-4)/o*q*-7. Calculate the greatest common factor of w and 1.
1
Let q(l) = 4*l**2 + l + 2. Let b(r) = r**2 + 27*r**3 + 17*r**3 + r - 1 - 45*r**3. Let g be b(0). Let y be q(g). What is the greatest common factor of 5 and y?
5
Let s(u) = 10*u + 70. Let v be s(-6). Let y = v + 238. Calculate the greatest common divisor of y and 93.
31
Let d(p) = p**3 + 9*p**2 + 10*p + 2. Let m be d(-7). Suppose 0 = 5*t - 712 - 638. Let r = -240 + t. What is the greatest common factor of m and r?
30
Let w(j) = -19*j - 582. Let t be w(-32). Suppose 5*r - 156 = 2*r. What is the highest common divisor of r and t?
26
Suppose -3*k - 3*r + 63 = 0, 2*k + 3*r - 30 = 5*r. Let i(h) = -2*h**2 + 37*h - 11. Let n be i(k). Calculate the highest common factor of n and 189.
7
Suppose -132*t + 143*t - 33 = 0. What is the highest common factor of 48 and t?
3
Let j = -11 + 17. Suppose 13*h + 22 + 17 = 0. Let a = h + j. What is the greatest common factor of 57 and a?
3
Suppose -3647*b = -3648*b + 68. Calculate the greatest common factor of b and 8.
4
Let s = -239 - -753. Suppose 0 = 4*b + 2*x - s, -5*b + 645 = 4*x + x. What is the highest common divisor of 16 and b?
16
Suppose 35*t - 38*t + 295 = 5*b, 3*b - 148 = 4*t. Let l(o) = 5*o**3 + 2*o - 6. Let x be l(4). Calculate the greatest common divisor of b and x.
14
Let c(r) = -17*r**2 + 2*r - 16. Let b(l) = 9*l**2 - l + 7. Let u(w) = 9*b(w) + 4*c(w). Let j be u(-1). What is the greatest common divisor of j and 2?
1
Let i(m) = m**3 - 5*m**2 + 8*m - 10. Let n be i(7). Let f = 1925 - 1871. Calculate the greatest common factor of f and n.
18
Let c(z) = -3 - 3*z**2 - 12*z + 0 + 49 + 4*z**2. Let k be c(7). What is the greatest common divisor of 11 and k?
11
Let s(j) = 5*j**3 - 181*j**2 - 152*j + 172. Let d be s(37). What is the greatest common divisor of 11976 and d?
24
Let f be (0 + -5)*(-155 - -142). What is the greatest common factor of f and 130?
65
Let z = -9 + 12. Suppose p - 68 = -4*r, 0*p - 3*r = z*p - 177. Let w = -34 + p. Calculate the greatest common divisor of w and 33.
11
Suppose -21*k + 8550 = -6045. Calculate the greatest common divisor of 25 and k.
5
Let a(m) = 87*m + 2111. Let q be a(-23). Calculate the greatest common factor of 170 and q.
10
Let y be ((-1137)/9 + -2)*2250/(-525). Calculate the highest common divisor of y and 500.
50
Let m be (222/(-10))/((-2832)/4720). Let g = 845 + -512. What is the greatest common factor of m and g?
37
Suppose 0 = -185*b + 146*b - 8775 + 20631. Calculate the highest common divisor of b and 1102.
38
Suppose 3*v = -5*p + 30, -v + 39 = 5*p + 19. Suppose 4*i = 4*t - 16, 3*i = -t - 2*t + 18. Calculate the highest common factor of t and v.
5
Let v(o) = -2*o - 3. Let b be v(6). Let p be 3/b - 151/(-5). Let a = 16507 - 16462. What is the greatest common divisor of a and p?
15
Suppose -5*j + 35 + 40 = 0. Suppose -2*d + j - 11 = 0. Suppose 2*z - 5*o = 14, -8*z + 4*z - d*o + 4 = 0. What is the highest common divisor of z and 2?
2
Let l = 7638 + -3651. Calculate the highest common divisor of l and 9.
9
Suppose 2*u = -4*f - 10 - 30, 10 = -u - 4*f. Let i = -34 - u. Let b be -28*((-45)/10 - i). Calculate the highest common factor of b and 98.
14
Let r be -4*(-46930)/(-38)*(0/1 + -1). Calculate the greatest common divisor of r and 52.
52
Let b = 16 + 32. Let t(k) = -k**3 + 59*k**2 + 845*k - 31. Let a be t(-13). What is the highest common divisor of b and a?
48
Suppose 2*o = 5*k + 98, -o + 5*k + 11 = -43. Suppose 712*v - 2687 - 1799 = 4058. What is the highest common divisor of v and o?
4
Let i = 11558 - 8379. Calculate the greatest common divisor of i and 11.
11
Suppose -2*w = 3*z + 4 + 2, -w + 3*z = 3. Let n be (-2)/w*-2 + 3580/12. Calculate the greatest common factor of n and 81.
27
Let p be (11 - 6/3)*3. Suppose -9*c + 2158 = 799. Let a = 154 - c. What is the highest common factor of a and p?
3
Suppose -2*t - i + 141 = 0, 60 = -3*t + 3*i + 258. Let d be (3*1/5)/((-12)/(-60)). Suppose d*k - 16 = 53. Calculate the greatest common divisor of t and k.
23
Let w = 1056 + 24. Suppose -7*m + w + 243 = 0. What is the highest common divisor of m and 21?
21
Let q(s) = -s**3 + 49*s**2 + 5*s + 55. Let z be q(49). Calculate the highest common divisor of z and 804.
12
Let v be (1 - -1)*((-365)/(-70) - (-8)/28). Calculate the highest common divisor of 2409 and v.
11
Let j = 49 - 33. Suppose -5*u = -u + j. Let g be ((-8)/9)/u + (-28)/(-36). Calculate the greatest common divisor of g and 8.
1
Suppose -2*b - 3*b = 20, -2*b - 44308 = -4*w. Calculate the highest common factor of 25 and w.
25
Let z(y) = y + 9. Let t = -8 - -1. Let j be z(t). Suppose 0 = j*m - 5*m - 4*o + 55, 4*m - 75 = -5*o. Calculate the greatest common divisor of 5 and m.
5
Let j = 33478 - 33320. What is the greatest common factor of 10507 and j?
79
Let s(d) = 297*d**3 - 3*d**2 - d + 1. Let u be s(1). Calculate the highest common divisor of 84 and u.
42
Suppose -2*v = q + 40, v - 4*q = -2 - 0. Suppose 25 - 3 = -11*b. Let g = b - v. What is the highest common factor of 64 and g?
16
Let f = 1213 - 585. Let v = 834 - f. Calculate the highest common factor of v and 2.
2
Let i = 56830 + -56828. Suppose -4*p + 40 = 4*a - 0*p, -2*a + 55 = -5*p. Suppose a = 2*l + l. Calculate the highest common divisor of i and l.
1
Let m be 42/4*(-5 + (-68)/(-12)). Let x = -3 - -8. Let y be x + m - (-1 + 3). Calculate the highest common divisor of 50 and y.
10
Let v(f) = -f**3 - 7*f**2 + 85*f + 769. Let u be v(-8). Calculate the highest common factor of u and 1008.
9
Suppose 17*y + 142*y - 217335 = -30669. Calculate the highest common divisor of 2 and y.
2
Suppose -c = -2*n + 16, -3*c + 60 = 4*n + 2*c. Let q be (102/n - 3)/(5/75). Calculate the greatest common factor of 27 and q.
27
Let l be 143/((-4 + -2)/(-12)). Suppose 0 = v + 3*v. Suppose 4*z - 88 = -4*j, z - 42 = -v*z + 4*j. Calculate the highest common divisor of z and l.
26
Suppose 3*c = 12, -2*c + 210 = 3*w - 218. Let p be (-2)/(-12) + 238/12. Calculate the highest common divisor of w and p.
20
Let v be (14/4)/(430/428 - 1). Calculate the highest common divisor of 535 and v.
107
Let u be (14 + 2)/(((-12)/(-9))/2). Calculate the highest common divisor of u and 392.
8
Let r = 2754 + -2687. Calculate the greatest common factor of 2412 and r.
67
Suppose 5*b + 13 = t - 2*t, 0 = -3*t + 2*b + 12. Suppose 0 = t*w - 3 - 1. Let u be 31 + (-2 - -2)/w. Calculate the greatest common factor of 124 and u.
31
Suppose 21*w + 1929 - 5793 = 0. Calculate the highest common factor of 1932 and w.
92
Let h(l) = -10*l**3 + 2*l**2 + 3*l + 4. Let q be h(-2). Let p = q + -39. Suppose k - 192 = 231. What is the highest common divisor of k and p?
47
Suppose -2*t - 4*h = 14, -t + 4*t - 3*h = 15. Let o = -198 - -153. Let s = -36 - o. What is the greatest common divisor of t and s?
1
Let p = 4164 + -4154. Calculate the highest common factor of 790 and p.
10
Let u be 598162/(-292)*4/(-17). What is the highest common divisor of 8 and u?
2
Suppose 5*a - 103 - 111 = -2*s, -2*a + 91 = -s. Suppose 2*v - 4*k = a, -3*v + 3*k + 38 = -16. What is the greatest common divisor of 